he second derivative of 7*k**3/3 - k**2 + 18*k. List the prime factors of z(6).
2, 41
Let t = 535 + 117. List the prime factors of t.
2, 163
Suppose -5*b + 3 - 15 = -3*f, -4*b + 4*f - 16 = 0. Suppose -y + 4*j - 5 = -2, b = 2*y + 5*j - 7. What are the prime factors of 21 - (-3 - -2 - y)?
23
Suppose o = -4*r + 418 + 339, -1478 = -2*o + 4*r. What are the prime factors of o?
5, 149
Let l(o) = 3*o + 31. Let x be l(-9). Suppose -x*r = -87 - 65. List the prime factors of r.
2, 19
Let u(x) = -x**2 - 17*x - 13. Let w be u(-16). Suppose 3*m = -b + 94, -2*m - w*b = -6*b - 70. What are the prime factors of m?
2
Suppose 3*q - 5*f = 24, -2*q + 0*q + 4*f + 14 = 0. Let u = q + -10. Suppose -5*p + 5*i + 25 = 0, -u*p + p + 26 = 2*i. What are the prime factors of p?
3
Suppose 6 = -11*c + 72. Let t(r) = -1 + r**3 + 4 - 7*r**2 + 6*r + 3. List the prime factors of t(c).
2, 3
Let u(k) = k. Let q(i) = -i**2 + 8*i + 3. Let l be 1/(-2) + 2/(-4). Let v(a) = l*q(a) + 5*u(a). What are the prime factors of v(7)?
5
Let b(p) = -6*p**2 + 13*p + 4. Let s(z) = 6*z**2 - 14*z - 3. Let l(k) = -5*b(k) - 4*s(k). List the prime factors of l(4).
2, 13
Let w(k) = -15*k - 51. Let b be w(-26). Suppose -6*p = b - 1065. List the prime factors of p.
11
Let x = -517 + 860. Suppose -91 = 4*n - x. What are the prime factors of n?
3, 7
Let v = 2 - -15. Suppose -3*k = 7 + v. List the prime factors of (-117)/(-6) + (-4)/k.
2, 5
Let a be (-6)/4 + (-3)/(-6) - -1. Suppose a = -2*z - 74 + 252. What are the prime factors of z?
89
Let h be 1/(-2) + (159/6 - -1). List the prime factors of (2518/(-12))/(-1) - h/(-162).
2, 3, 5, 7
Let m(w) be the second derivative of -w**3/6 + 11*w**2/2 + w. Let p be m(4). List the prime factors of -5 + 1 + p + 2.
5
Let m = -9 + 9. Suppose -t = -m*t. Suppose -5*h + 101 = -f, -h + t*f = -5*f - 1. List the prime factors of h.
3, 7
Let j(x) = 112*x**3 - 2*x**2 + 1. Let s be (-18)/(-14) + 6/(-21). What are the prime factors of j(s)?
3, 37
Let r(w) = 22*w**2 - 2. Let u be r(2). Let k = u - 21. Suppose 0 = 2*n - 2*s - 112, -s = -n + 3*s + k. List the prime factors of n.
53
Let j(u) = 2*u**2 - 17*u - 3. Let f be j(7). List the prime factors of 132 + ((-1)/(-4) - (-6)/f).
2, 3, 11
Let d = -11 + 23. Suppose 4*k - 5*t = -3*t + 14, -3*k + t = -d. Suppose 5*s - 18 = 2*o + 3, 3*s - k*o - 5 = 0. List the prime factors of s.
5
Suppose 5*o + 48 = -4*d, 3*d + 30 = -4*o + 4*d. What are the prime factors of 8/12*(-84)/o?
7
Let c = 2226 + -691. What are the prime factors of c?
5, 307
Suppose -327 = -7*h + 2060. What are the prime factors of h?
11, 31
Let u be 1/4 - (-2)/(-8). Let n be ((-1 + u)*3)/(-1). Suppose 3*p + 5*t + 0*t - 19 = 0, -6 = -n*t. What are the prime factors of p?
3
Let p = -14 - -20. Suppose -89 - p = -5*q. Let u = q + 12. What are the prime factors of u?
31
Suppose 14*s = 4079 + 6631. What are the prime factors of s?
3, 5, 17
Let s(i) = 13*i**3 - i**2 - i + 3. Let x be s(1). What are the prime factors of 1 - 1 - x/(-4 - -2)?
7
Let p(j) = -8*j**3 + 2*j**2 + 4*j + 2. Suppose -4*m - 2 = 2. What are the prime factors of p(m)?
2
Let z = 238 + -198. Let b(a) = a**2 - 22. Let o be b(0). Let j = o + z. What are the prime factors of j?
2, 3
Let d(q) be the third derivative of q**4/24 + 11*q**3/3 + 6*q**2. Let b be d(12). Suppose h = -o + b, 4*o + 5*h - 20 = 114. What are the prime factors of o?
2, 3
Suppose -2*k - 2*l = 3*l - 30, 0 = -4*k + 5*l. Suppose 3*a - 4 - k = 0. Suppose a*h - 14 = 1. What are the prime factors of h?
5
Let q(z) = 7*z - 33. Let m be q(5). What are the prime factors of (-3 - -10)/((-63)/33 + m)?
7, 11
Suppose 9*f - 262 = 116. What are the prime factors of f + -3 + (-2)/(-2)?
2, 5
Let x = -206 - -51. Let u = x - -474. What are the prime factors of u?
11, 29
Let f(m) = -m**3 + 9*m**2 - 5*m + 2. Let x(z) = z**3 - 6*z**2 - 7*z + 4. Let q be x(7). What are the prime factors of f(q)?
2, 31
Let x = 77 + -87. List the prime factors of 5/(x/(-181))*2.
181
Let l(v) be the third derivative of -v**6/120 + 7*v**5/60 - v**4/6 - v**3 + 3*v**2. Let u be l(6). Let q(x) = 2*x**2 - 8*x + 1. List the prime factors of q(u).
5
Suppose 4*r - 441 = 1051. List the prime factors of r.
373
Suppose b - 4*c - 227 = 0, -5*b + 1472 - 401 = -4*c. What are the prime factors of b?
211
What are the prime factors of 77 + -3 + (-2)/1?
2, 3
What are the prime factors of 2*1/9 - (-330716)/1044?
317
Let s = 11 + -6. Suppose 0 = s*x + 2*w - 23 + 3, -5*x = 5*w - 20. Suppose x*k - 116 = -0*k. What are the prime factors of k?
29
Suppose -3349 = -2*k - 10*m + 7*m, 2*m + 5017 = 3*k. What are the prime factors of k?
7, 239
Suppose -z - 4*k = -0*z - 751, 5*z - 3*k - 3640 = 0. Suppose -3*t + z - 212 = 0. What are the prime factors of t?
173
Let j = -1361 - -1943. What are the prime factors of j?
2, 3, 97
Let f(s) be the second derivative of s**4/4 - 5*s**3/6 - 2*s**2 - 2*s. Let w be f(4). List the prime factors of ((-6)/4)/(w/(-992)).
2, 31
Let s = -41 - -44. Suppose t - 335 = -t - 3*g, s*t = 3*g + 495. List the prime factors of t.
2, 83
What are the prime factors of (11/220*5365)/(1/12)?
3, 29, 37
Suppose 14 = 4*h - p - 50, 3*p - 33 = -3*h. Suppose 177 = 18*j - h*j. List the prime factors of j.
59
Let b(z) = 16*z**2 + 33*z + 1. Let t = 20 - 25. What are the prime factors of b(t)?
2, 59
Let l(t) = 9 + 3*t**2 - t**3 - 2*t + 6*t - 6. Let v be l(4). What are the prime factors of (6/(-12))/(v/(-24))?
2
What are the prime factors of (-17 + 12 - 6093)*3/(-6)?
3049
Let f = 879 - -999. What are the prime factors of f?
2, 3, 313
Suppose -y - 3*i = -3784, i = 3*y + 6*i - 11360. What are the prime factors of y?
2, 5, 379
Let j(v) = -v**2 - 9*v + 4. Let c be j(-10). Let t(i) = i + 1. Let h(w) = 4*w + 5. Let q(g) = h(g) - 6*t(g). What are the prime factors of q(c)?
11
Let z(d) = 153*d - 4. Let u(s) = -102*s + 3. Let c(l) = -7*u(l) - 5*z(l). Let t be c(-1). Suppose -3*q - t = -8*q. What are the prime factors of q?
2, 5
Let q(o) = 8*o**2 + 2*o + 55. List the prime factors of q(9).
7, 103
Let z(l) = 2*l**3 - 3*l**2 - 3*l + 7. Suppose -4*s - 14 = -26. List the prime factors of z(s).
5
Let i = 59 + -33. Suppose f = -i - 34. What are the prime factors of 18/(2*(-9)/f)?
2, 3, 5
Let s = 109 - 72. Let h = s - 26. What are the prime factors of h?
11
Suppose 230509 = 97*q - 272630. What are the prime factors of q?
3, 7, 13, 19
Suppose -4*a = -4*d + 7*d - 8132, 0 = 4*a - 2*d - 8132. What are the prime factors of a?
19, 107
Let m(z) = -2*z + 2. Let l be m(-3). Suppose 0 = s - 2*v - 1, 2*s - 2*v + l = -0. List the prime factors of (23/(-3))/(3/s).
23
Let b(d) = 2*d - 9. Let s be b(6). Suppose -s*c - 50 = -4*c. Let o = c + -30. List the prime factors of o.
2, 5
List the prime factors of (-71)/(-2)*(25 - 13).
2, 3, 71
Let x(u) = 2*u**3 - 3*u**2 - 3*u + 3. Let y be 1*(1 + (-6)/(-3)). Let f be x(y). Suppose f + 15 = 3*n. What are the prime factors of n?
2, 3
Let n = -140 + 145. Suppose 0*a + i = -a + 290, n*a - 2*i - 1457 = 0. List the prime factors of a.
3, 97
Suppose -15 = 3*z + 9. Let y(f) = -f**3 - 8*f**2 + 3. Let x be y(z). What are the prime factors of 6/5*40/x?
2
Let q = -33 - -13. Let c be (-8)/(-2) + q/(-5). List the prime factors of 640/14 - c/(-28).
2, 23
Let v = -344 - -566. List the prime factors of v.
2, 3, 37
Suppose 3*d + 9*v - 75 = 12*v, 4*d - 55 = -5*v. What are the prime factors of d?
2, 5
Let b = 33 + -26. Suppose 0 = b*h + 192 - 1018. List the prime factors of h.
2, 59
Let l = 546 - -96. What are the prime factors of l?
2, 3, 107
Suppose -p = 14*p - 210. What are the prime factors of p?
2, 7
Suppose 351 = 2*x + 85. What are the prime factors of x?
7, 19
List the prime factors of ((8253/28)/(-3))/((-6)/8).
131
Suppose 0 = -9*l + 19359 - 5715. List the prime factors of l.
2, 379
Suppose 2*a - 65 = -1. Let s = a + -17. What are the prime factors of s/(-10)*156/(-9)?
2, 13
Let h(o) = 9*o**2 - 35*o + 23. Let x(d) = 5*d**2 - 18*d + 11. Let n(z) = 3*h(z) - 5*x(z). Let t be n(10). List the prime factors of (t/(-12))/(4/(-18)).
2, 3
Let t = 1432 + -975. What are the prime factors of t?
457
Suppose 18184 = 68*k + 2204. List the prime factors of k.
5, 47
Suppose -2*d = -6*d + 5*s + 362, 4*d = s + 370. What are the prime factors of d?
3, 31
Suppose 17*o = 20*o - 2700. What are the prime factors of o?
2, 3, 5
Let x(k) = 2*k. L